c
Convert 315223 (base 7) to base 9.
82864
4345322 (base 8) to base 11
727071
Convert -101101010101001010100 (base 2) to base 9.
-2713520
Convert -6668347 (base 10) to base 9.
-13483224
-5475477 (base 9) to base 13
-7c094b
What is 2913110 (base 11) in base 8?
23073623
Convert 8ac65 (base 13) to base 6.
5225145
Convert 561037 (base 8) to base 12.
91427
What is 1070574 (base 8) in base 11?
189864
What is dadc0 (base 14) in base 7?
4333630
Convert -132511243 (base 7) to base 2.
-100000101001010001000100
What is 11332033123 (base 4) in base 12?
636077
-137466 (base 14) to base 6
-22232242
What is -11b4ba2 (base 12) in base 6?
-202223522
Convert -55513 (base 13) to base 14.
-40507
2243000013 (base 5) to base 12
1834797
What is 23005401 (base 6) in base 15?
dcaca
What is -11711a5 (base 13) in base 2?
-10100100110011111010010
2108935 (base 11) to base 14
6ca2cc
What is -2b0b355 (base 12) in base 9?
-17373372
Convert 2043442 (base 5) to base 10.
34247
Convert 2223320 (base 7) to base 12.
113108
1200211022 (base 3) to base 9
50738
-4611 (base 10) to base 2
-1001000000011
Convert -4140114 (base 6) to base 7.
-1461004
Convert -1aef3a (base 16) to base 2.
-110101110111100111010
What is 440637 (base 8) in base 15?
2dc31
-100121212202 (base 3) to base 13
-68303
What is -100001101010011111 (base 2) in base 12?
-67967
Convert 441200 (base 12) to base 14.
201996
352335 (base 7) to base 3
10012210220
What is 6500244 (base 7) in base 16?
c0e2b
-220101110021002 (base 3) to base 14
-1a15237
Convert -32466a (base 11) to base 14.
-d6da1
What is 7e208 (base 16) in base 10?
516616
Convert -a0211 (base 15) to base 12.
-2052a4
1663566 (base 9) to base 6
31515053
2210253 (base 10) to base 11
127a661
Convert 1292a99 (base 12) to base 11.
2090329
-1d6382 (base 14) to base 16
-1016be
What is 21020330 (base 4) in base 8?
111074
Convert bc7d5b (base 15) to base 12.
3014b65
Convert -10110111101101001 (base 2) to base 8.
-267551
Convert -120020100 (base 4) to base 2.
-11000001000010000
4f7111 (base 16) to base 10
5206289
-6665364 (base 8) to base 10
-1796852
Convert 15b56d (base 14) to base 11.
47a969
-131220211200 (base 4) to base 9
-15550233
11633561 (base 10) to base 14
178b8c9
Convert -100020102 (base 4) to base 12.
-32296
Convert -4cad1 (base 14) to base 8.
-560477
12021021022 (base 3) to base 12
5002b
What is 2313d4 (base 14) in base 13?
32a870
Convert 4357724 (base 9) to base 16.
23ba20
-11b03 (base 15) to base 12
-28826
22683044 (base 9) to base 7
162551155
50622555 (base 7) to base 4
100013111022
What is 439ac5 (base 14) in base 9?
4274822
Convert 4312320 (base 6) to base 16.
33b58
What is 48150 (base 13) in base 10?
132054
-2a4b31 (base 15) to base 12
-825191
What is cbb36c (base 14) in base 3?
110222221002010
525060 (base 8) to base 7
1325104
-2308c3 (base 14) to base 15
-188590
What is -470336 (base 8) in base 9?
-263380
Convert 114433452 (base 6) to base 14.
40b288
What is 3177251 (base 8) in base 3?
1121021012200
1054607 (base 10) to base 2
100000001011110001111
What is -166aa0 (base 11) in base 14?
-6a151
Convert -3307174 (base 8) to base 5.
-211412234
Convert -3cf40 (base 16) to base 3.
-110200110211
-182805 (base 10) to base 15
-39270
What is 12c7b49 (base 13) in base 9?
12136571
-3700 (base 8) to base 4
-133000
210220120201 (base 3) to base 10
431263
What is -1510046 (base 7) in base 14?
-5455d
What is -3444213033 (base 5) in base 4?
-131301103233
1d910 (base 14) to base 5
4411431
Convert 446a443 (base 11) to base 12.
275859b
114244021 (base 5) to base 12
220967
-48276 (base 12) to base 13
-352aa
Convert 21400235 (base 7) to base 8.
6772227
What is 96119c (base 14) in base 10?
5073990
258355 (base 12) to base 8
2262361
Convert 2055170 (base 8) to base 2.
10000101101001111000
Convert 65b4a (base 12) to base 6.
2515334
1211302302 (base 4) to base 6
12534150
What is -6563a (base 12) in base 4?
-200231032
-139497 (base 14) to base 11
-4239a7
-19310b (base 12) to base 3
-211101122202
-435510 (base 8) to base 2
-100011101101001000
Convert -222210211202 (base 3) to base 8.
-2006501
Convert 3b448 (base 13) to base 15.
22b76
What is -49367 (base 11) in base 5?
-4232404
Convert 3d5c11 (base 14) to base 4.
20013301013
What is -33244 (base 10) in base 15?
-9cb4
What is 21120122002020 (base 3) in base 7?
46143546
-11228 (base 16) to base 2
-10001001000101000
What is -645602 (base 12) in base 7?
-16322165
Convert -227b2 (base 13) to base 7.
-351135
-101001100101100110 (base 2) to base 13
-5c6c3
What is 1213310022 (base 4) in base 6?
13040350
What is -35122542 (base 6) in base 16?
-108abe
What is 11201432 (base 5) in base 14?
28762
What is 102530024 (base 6) in base 13?
4b75b2
164b9 (base 15) to base 6
1313033
Convert -3510040 (base 6) to base 2.
-101011111111001000
What is -4554010 (base 7) in base 3?
-1001212011121
What is -5002123 (base 6) in base 13?
-8252a
Convert -1001110010000011001000 (base 2) to base 13.
-6ba247
What is -212050331 (base 6) in base 5?
-1424122322
194a26 (base 15) to base 2
100101100011111000010
Convert 4102525 (base 6) to base 15.
3cbbe
What is 8680476 (base 9) in base 15?
620553
42626573 (base 8) to base 4
202302311323
Convert -4207c2 (base 14) to base 15.
-2e099a
-214d6 (base 14) to base 4
-103222210
Convert -20154024 (base 8) to base 12.
-150b330
1383e (base 15) to base 12
30295
What is -19a97 (base 15) in base 5?
-10132032
Convert -3220012311 (base 4) to base 8.
-3500665
Convert -1131110315 (base 6) to base 16.
-c111a7
What is -149a96b (base 13) in base 7?
-110015303
4c928 (base 13) to base 3
21020000022
What is -2054346 (base 9) in base 13?
-2c623b
What is -241958 (base 12) in base 14?
-112a0c
Convert 3351b (base 13) to base 8.
265727
140849 (base 15) to base 7
11122515
Convert 11022224 (base 5) to base 16.
17452
Convert 5123730 (base 10) to base 13.
10a51c1
What is -77511 (base 13) in base 12?
-a5119
Convert -33123203222 (base 4) to base 2.
-1111011011100011101010
214543345 (base 6) to base 2
1110110000111110110001
Convert -e27ac (base 15) to base 2.
-10101111000110110101
-1012301100 (base 4) to base 12
-11b900
Convert 111001000110011 (base 2) to base 6.
343203
What is 96d4 (base 15) in base 2?
111110010110100
Convert -20444103 (base 5) to base 4.
-221330002
-964ba (base 12) to base 4
-300101032
281780 (base 11) to base 3
211102121201
Convert -1072444 (base 8) to base 2.
-1000111010100100100
-300110222 (base 4) to base 16
-3052a
-76166 (base 13) to base 12
-a3582
Convert 212231023 (base 4) to base 6.
3221551
Convert -1b57d3 (base 14) to base 8.
-3561475
Convert 31037 (base 8) to base 10.
12831
Convert 6c1a13 (base 15) to base 10.
5169393
What is 110012120000 (base 3) in base 11?
154556
What is -2412753 (base 8) in base 16?
-a15eb
22001142 (base 5) to base 2
101101110100011000
Convert -1135455 (base 7) to base 15.
-2c840
What is 110041200 (base 5) in base 16?
73181
Convert -3033533 (base 6) to base 16.
-23541
Convert -2024214 (base 9) to base 16.
-107737
What is 8a6513 (base 11) in base 4?
11200121133
Convert 1782218 (base 10) to base 16.
1b31ca
Convert -223140022 (base 6) to base 15.
-5567eb
Convert 4200405 (base 8) to base 11.
6a1277
What is -25577 (base 15) in base 16?
-1d242
What is 38d4b (base 15) in base 6?
3521555
Convert 22303005 (base 6) to base 5.
133132130
What is -14e14 (base 16) in base 7?
-504225
Convert 77613 (base 11) to base 6.
2225012
What is -5254020 (base 6) in base 4?
-332202330
What is 54040134 (base 6) in base 15?
216881
1010000111011100010 (base 2) to base 12
13ba02
What is -11432041 (base 5) in base 9?
-174620
What is 13111113111 (base 4) in base 13?
5240ac
-62ba8a (base 15) to base 5
-2200301010
-22bb9 (base 13) to base 5
-4013102
-265669 (base 11) to base 8
-1457174
Convert 782e3d (base 16) to base 14.
1090469
What is -19c28d (base 14) in base 16?
-dfe15
-10001010001000100001 (base 2) to base 14
-10a29b
Convert -1220111202 (base 3) to base 4.
-21022232
Convert 32324506 (base 7) to base 13.
7596a0
906526 (base 10) to base 7
10463635
7de01 (base 15) to base 4
1201333321
Convert 2411535 (base 9) to base 12.
530305
What is cb4d3 (base 16) in base 8?
3132323
-255034554 (base 6) to base 12
-180ba5a
What is 81003 (base 11) in base 5?
12242322
Convert 11000011000010011 (base 2) to base 8.
303023
Convert 102207 (base 9) to